 when 2514395 is divided by 38091?
389
Calculate the remainder when 1932003 is divided by 2397.
21
Calculate the remainder when 545377357 is divided by 6070.
6067
What is the remainder when 857241 is divided by 17?
16
Calculate the remainder when 933801 is divided by 933789.
12
What is the remainder when 4588841 is divided by 399?
341
Calculate the remainder when 1715707 is divided by 85780.
107
What is the remainder when 4168705 is divided by 32?
1
Calculate the remainder when 225803 is divided by 919.
648
What is the remainder when 756870 is divided by 185?
35
What is the remainder when 3535452 is divided by 33?
30
What is the remainder when 377020 is divided by 5253?
4057
What is the remainder when 90333 is divided by 14895?
963
What is the remainder when 4997705 is divided by 14?
13
What is the remainder when 4040327 is divided by 10717?
18
What is the remainder when 659018 is divided by 7109?
4990
Calculate the remainder when 13316043 is divided by 2229.
2226
Calculate the remainder when 100425 is divided by 93016.
7409
What is the remainder when 4201546 is divided by 21?
13
What is the remainder when 184056013 is divided by 2145?
2143
What is the remainder when 17169419 is divided by 8584708?
3
Calculate the remainder when 9754584 is divided by 12013.
28
Calculate the remainder when 21460068 is divided by 17.
16
What is the remainder when 4593419 is divided by 765?
359
What is the remainder when 6818 is divided by 2161?
335
Calculate the remainder when 463351 is divided by 2130.
1141
What is the remainder when 349780 is divided by 47?
6
What is the remainder when 36406 is divided by 27317?
9089
Calculate the remainder when 36834978 is divided by 518.
516
What is the remainder when 207091 is divided by 6267?
280
What is the remainder when 3863393 is divided by 593?
591
What is the remainder when 17087733 is divided by 2257?
2243
Calculate the remainder when 733625 is divided by 133.
130
What is the remainder when 3173798 is divided by 4464?
4358
Calculate the remainder when 8259 is divided by 5671.
2588
What is the remainder when 1485569 is divided by 12917?
114
What is the remainder when 301121 is divided by 9123?
62
What is the remainder when 928221 is divided by 60?
21
Calculate the remainder when 911235456 is divided by 14.
12
What is the remainder when 251674 is divided by 605?
599
What is the remainder when 588557 is divided by 147131?
33
Calculate the remainder when 633457 is divided by 211027.
376
What is the remainder when 149141 is divided by 12417?
137
What is the remainder when 1859208 is divided by 206569?
87
Calculate the remainder when 353465 is divided by 58902.
53
Calculate the remainder when 11339 is divided by 1109.
249
Calculate the remainder when 66692981 is divided by 20.
1
Calculate the remainder when 804856 is divided by 2074.
144
Calculate the remainder when 59690 is divided by 1801.
257
Calculate the remainder when 69739227 is divided by 1814.
1811
What is the remainder when 393941 is divided by 250?
191
What is the remainder when 113553 is divided by 12591?
234
Calculate the remainder when 30713 is divided by 1619.
1571
What is the remainder when 70798 is divided by 70592?
206
Calculate the remainder when 234313684 is divided by 179.
178
Calculate the remainder when 546057 is divided by 190.
187
Calculate the remainder when 113881 is divided by 143.
53
What is the remainder when 7182429 is divided by 2013?
45
Calculate the remainder when 902907 is divided by 451441.
25
What is the remainder when 480705 is divided by 4369?
115
What is the remainder when 1607679 is divided by 38?
13
What is the remainder when 701412 is divided by 24184?
76
Calculate the remainder when 1573111 is divided by 214.
211
Calculate the remainder when 7378727 is divided by 3689359.
9
Calculate the remainder when 91720204 is divided by 119.
2
What is the remainder when 50277129 is divided by 1459?
1448
What is the remainder when 929075 is divided by 464074?
927
Calculate the remainder when 40078 is divided by 12314.
3136
What is the remainder when 58956 is divided by 264?
84
Calculate the remainder when 930910 is divided by 14.
8
What is the remainder when 2785679 is divided by 736?
655
What is the remainder when 136503 is divided by 3?
0
What is the remainder when 123207924 is divided by 169?
164
What is the remainder when 2313619 is divided by 110172?
7
Calculate the remainder when 260116049 is divided by 795.
794
What is the remainder when 103738794 is divided by 49?
12
Calculate the remainder when 24257 is divided by 2002.
233
Calculate the remainder when 758660 is divided by 11.
1
Calculate the remainder when 32389 is divided by 4.
1
Calculate the remainder when 18102 is divided by 5085.
2847
What is the remainder when 102914718 is divided by 39?
36
Calculate the remainder when 7179485 is divided by 978.
965
Calculate the remainder when 61596 is divided by 5111.
264
Calculate the remainder when 4555122 is divided by 12867.
204
Calculate the remainder when 4940203 is divided by 336.
331
Calculate the remainder when 69958133 is divided by 1422.
1421
What is the remainder when 386131 is divided by 7424?
83
Calculate the remainder when 92815442 is divided by 1931.
1927
Calculate the remainder when 220772 is divided by 625.
147
What is the remainder when 2391683 is divided by 55620?
23
Calculate the remainder when 12266987 is divided by 112541.
18
What is the remainder when 26193976 is divided by 347?
334
What is the remainder when 14534151 is divided by 227096?
7
What is the remainder when 45549 is divided by 6675?
5499
What is the remainder when 56935245 is divided by 652?
649
What is the remainder when 7093910 is divided by 28?
26
Calculate the remainder when 1052220 is divided by 150307.
71
Calculate the remainder when 2662787 is divided by 81.
74
What is the remainder when 102030513 is divided by 567?
564
Calculate the remainder when 4143714 is divided by 14.
8
What is the remainder when 430749 is divided by 47860?
9
Calculate the remainder when 6443639 is divided by 5343.
5324
What is the remainder when 41694945 is divided by 34?
31
Calculate the remainder when 4328181 is divided by 698.
581
Calculate the remainder when 23174 is divided by 22614.
560
Calculate the remainder when 1791693 is divided by 135.
108
Calculate the remainder when 13422003 is divided by 33555.
3
Calculate the remainder when 83151 is divided by 494.
159
Calculate the remainder when 3925262 is divided by 592.
302
Calculate the remainder when 2698837 is divided by 224903.
1
What is the remainder when 1424832 is divided by 10725?
9132
What is the remainder when 138415 is divided by 184?
47
What is the remainder when 822069 is divided by 581?
535
What is the remainder when 2681433 is divided by 115?
93
What is the remainder when 8680547 is divided by 25?
22
What is the remainder when 270483 is divided by 947?
588
What is the remainder when 68839184 is divided by 6319?
6317
Calculate the remainder when 821734 is divided by 9054.
6874
Calculate the remainder when 138826 is divided by 27658.
536
What is the remainder when 2285078 is divided by 7419?
26
Calculate the remainder when 43233 is divided by 87.
81
What is the remainder when 661243 is divided by 971?
963
What is the remainder when 670339 is divided by 209?
76
Calculate the remainder when 7907238 is divided by 7907179.
59
What is the remainder when 12094 is divided by 2530?
1974
What is the remainder when 59435 is divided by 91?
12
What is the remainder when 135056 is divided by 196?
12
What is the remainder when 1397346 is divided by 737?
731
Calculate the remainder when 130356 is divided by 43427.
75
What is the remainder when 2577633 is divided by 1608?
9
Calculate the remainder when 680368 is divided by 75525.
643
Calculate the remainder when 451837 is divided by 26510.
1167
What is the remainder when 6831 is divided by 2002?
825
What is the remainder when 733103 is divided by 366551?
1
Calculate the remainder when 2801483 is divided by 3941.
3373
What is the remainder when 30286 is divided by 14809?
668
What is the remainder when 231526 is divided by 231208?
318
What is the remainder when 276874 is divided by 3958?
3772
What is the remainder when 2866822 is divided by 716137?
2274
What is the remaind